{"id":160,"date":"2023-09-14T16:42:08","date_gmt":"2023-09-14T14:42:08","guid":{"rendered":"https:\/\/secretsdutennis.fr\/?page_id=160"},"modified":"2023-09-14T17:05:13","modified_gmt":"2023-09-14T15:05:13","slug":"paroles-dinternautes","status":"publish","type":"page","link":"https:\/\/secretsdutennis.fr\/?page_id=160","title":{"rendered":"Paroles d&rsquo;internautes"},"content":{"rendered":"\n<div class=\"wp-block-columns is-layout-flex wp-container-core-columns-is-layout-9d6595d7 wp-block-columns-is-layout-flex\">\n<div class=\"wp-block-column is-layout-flow wp-block-column-is-layout-flow\"><ul class=\"wp-block-latest-posts__list wp-block-latest-posts\"><li><a class=\"wp-block-latest-posts__post-title\" href=\"https:\/\/secretsdutennis.fr\/?p=286\">Le coup droit de face<\/a><div class=\"wp-block-latest-posts__post-excerpt\">Un internaute m&rsquo;a envoy\u00e9 un message et me dit ceci : \u00a0\u00bb Il y a un point qui m&rsquo;a \u00e9tonn\u00e9, \u00e0 savoir les photos de d\u00e9monstration qui me paraissent d\u00e9cal\u00e9es par rapport \u00e0 la r\u00e9alit\u00e9 dans le sens o\u00f9 le buste et le bassin restent perpendiculaires au filet \u00e0 la frappe quelle que soit la\u2026 <a class=\"wp-block-latest-posts__read-more\" href=\"https:\/\/secretsdutennis.fr\/?p=286\" rel=\"noopener noreferrer\">Lire la suite<span class=\"screen-reader-text\">\u00a0: Le coup droit de face<\/span><\/a><\/div><\/li>\n<li><a class=\"wp-block-latest-posts__post-title\" href=\"https:\/\/secretsdutennis.fr\/?p=229\">Q: En vous lisant on a l&rsquo;impression que vous n&rsquo;avez pas aim\u00e9 votre m\u00e9tier!<\/a><div class=\"wp-block-latest-posts__post-excerpt\">Je n\u2019ai pas trouv\u00e9 ce m\u00e9tier tr\u00e8s enthousiasmant et les deux premi\u00e8res ann\u00e9es de mon enseignement je me demandais ce que je faisais sur le court et si je n\u2019avais pas eu mes passionnantes recherches tennistiques commenc\u00e9es en 1972, j\u2019aurais arr\u00eat\u00e9 ce m\u00e9tier avant l\u2019\u00e2ge de 30 ans. Compte tenu qu\u2019il \u00e9tait conseill\u00e9 tout et\u2026 <a class=\"wp-block-latest-posts__read-more\" href=\"https:\/\/secretsdutennis.fr\/?p=229\" rel=\"noopener noreferrer\">Lire la suite<span class=\"screen-reader-text\">\u00a0: Q: En vous lisant on a l&rsquo;impression que vous n&rsquo;avez pas aim\u00e9 votre m\u00e9tier!<\/span><\/a><\/div><\/li>\n<li><a class=\"wp-block-latest-posts__post-title\" href=\"https:\/\/secretsdutennis.fr\/?p=217\">Q: J\u2019ai assist\u00e9 ce dimanche 29 janvier 2017 \u00e0 la finale en Australie entre\u00a0FEDERER et NADAL. C\u2019\u00e9tait un match magnifique et les commentateurs ont dit\u00a0: \u2018\u2019 Les deux plus grands joueurs de tous les temps \u2018\u2019 Qu\u2019en pensez-vous\u00a0?<\/a><div class=\"wp-block-latest-posts__post-excerpt\">J&rsquo;ai regard\u00e9 moi aussi ce match \u00e0 la t\u00e9l\u00e9vision et bien \u00e9videmment c&rsquo;\u00e9tait un match magnifique. Il y avait dans le public et \u00e0 la remise des prix ROD LAVER le grand champion Australien vainqueur du grand chelem en 1962 et en 1969. Lui aussi \u00e0 son \u00e9poque \u00e9tait le plus grand joueur de tous\u2026 <a class=\"wp-block-latest-posts__read-more\" href=\"https:\/\/secretsdutennis.fr\/?p=217\" rel=\"noopener noreferrer\">Lire la suite<span class=\"screen-reader-text\">\u00a0: Q: J\u2019ai assist\u00e9 ce dimanche 29 janvier 2017 \u00e0 la finale en Australie entre\u00a0FEDERER et NADAL. C\u2019\u00e9tait un match magnifique et les commentateurs ont dit\u00a0: \u2018\u2019 Les deux plus grands joueurs de tous les temps \u2018\u2019 Qu\u2019en pensez-vous\u00a0?<\/span><\/a><\/div><\/li>\n<li><a class=\"wp-block-latest-posts__post-title\" href=\"https:\/\/secretsdutennis.fr\/?p=215\">Q: Que faut-il faire pour entrer \u00e0 la f\u00e9d\u00e9ration fran\u00e7aise de Tennis comme entraineur national?<\/a><div class=\"wp-block-latest-posts__post-excerpt\">1) Avoir \u00e9t\u00e9 un grand joueur de tennis fran\u00e7ais (dans les 5 ou 10 meilleurs fran\u00e7ais par exemple). Je pense \u00e0 Patrice BEUST qui a \u00e9t\u00e9 dans les 5 meilleurs joueurs fran\u00e7ais, joueur de coupe Davis en double et qui a \u00e9t\u00e9 responsable du centre national d&rsquo;entra\u00eenement de Nice o\u00f9 s&rsquo;est entra\u00een\u00e9 Yannick Noah quand\u2026 <a class=\"wp-block-latest-posts__read-more\" href=\"https:\/\/secretsdutennis.fr\/?p=215\" rel=\"noopener noreferrer\">Lire la suite<span class=\"screen-reader-text\">\u00a0: Q: Que faut-il faire pour entrer \u00e0 la f\u00e9d\u00e9ration fran\u00e7aise de Tennis comme entraineur national?<\/span><\/a><\/div><\/li>\n<li><a class=\"wp-block-latest-posts__post-title\" href=\"https:\/\/secretsdutennis.fr\/?p=213\">Q: J\u2019ai lu avec beaucoup d\u2019int\u00e9r\u00eat toutes vos pages qui sont absolument passionnantes, comment se fait-il que vous ne soyez pas davantage reconnu\u00a0?<\/a><div class=\"wp-block-latest-posts__post-excerpt\">Comme je ne voulais pas que mes recherches tennistiques meurent dans le fond d&rsquo;un tiroir, j&rsquo;ai eu la chance d&rsquo;avoir 3 articles qui ont officialis\u00e9 mes recherches tennistiques par voie de presse Tous ces articles de presse et ce livre sont bien \u00e9videmment des\u00a0preuves d&rsquo;ant\u00e9riorit\u00e9 de toutes mes recherches tennistiques. Aujourd&rsquo;hui INTERNET a pris le\u2026 <a class=\"wp-block-latest-posts__read-more\" href=\"https:\/\/secretsdutennis.fr\/?p=213\" rel=\"noopener noreferrer\">Lire la suite<span class=\"screen-reader-text\">\u00a0: Q: J\u2019ai lu avec beaucoup d\u2019int\u00e9r\u00eat toutes vos pages qui sont absolument passionnantes, comment se fait-il que vous ne soyez pas davantage reconnu\u00a0?<\/span><\/a><\/div><\/li>\n<li><a class=\"wp-block-latest-posts__post-title\" href=\"https:\/\/secretsdutennis.fr\/?p=211\">Q: Jean GACHASSIN est le nouveau pr\u00e9sident de la f\u00e9d\u00e9ration fran\u00e7aise de tennis, il a \u00e9t\u00e9 class\u00e9 \u00e0 son meilleur niveau \u00e0 2\/6, aurait-il pu devenir un grand joueur?<\/a><div class=\"wp-block-latest-posts__post-excerpt\">Jean\u00a0Gachassin\u00a0est au d\u00e9part un athl\u00e8te de tr\u00e8s haut niveau, 1m62 62kg qui court le 100 m\u00e8tres en 10 secondes 8. Il a consacr\u00e9 sa carri\u00e8re au rugby et il est devenu international. Il a jou\u00e9\u00a0a\u00a0tous les postes ouvreur, centre, ailier, arri\u00e8re. La premi\u00e8re fois qu&rsquo;il a\u00a0jou\u00e9\u00a0\u00e0 Lourdes au poste d&rsquo;arri\u00e8re, la presse le lendemain l&rsquo;appelait\u2026 <a class=\"wp-block-latest-posts__read-more\" href=\"https:\/\/secretsdutennis.fr\/?p=211\" rel=\"noopener noreferrer\">Lire la suite<span class=\"screen-reader-text\">\u00a0: Q: Jean GACHASSIN est le nouveau pr\u00e9sident de la f\u00e9d\u00e9ration fran\u00e7aise de tennis, il a \u00e9t\u00e9 class\u00e9 \u00e0 son meilleur niveau \u00e0 2\/6, aurait-il pu devenir un grand joueur?<\/span><\/a><\/div><\/li>\n<li><a class=\"wp-block-latest-posts__post-title\" href=\"https:\/\/secretsdutennis.fr\/?p=208\">Q: Je trouve que vous manquez de modestie!<\/a><div class=\"wp-block-latest-posts__post-excerpt\">Quand j&rsquo;avais 12 ans j&rsquo;\u00e9tais modeste et je jouais m\u00eame les modestes et un jour mon fr\u00e8re de 10 ans mon ain\u00e9 m&rsquo;a dit : \u00a0\u00bb La modestie ne profite qu&rsquo;aux autres \u00a0\u00bb. Il n&rsquo;y a que ceux qui ne font rien qui ne sont jamais critiqu\u00e9s. Bien entendu, j&rsquo;aurais pu aussi ne rien faire\u2026 <a class=\"wp-block-latest-posts__read-more\" href=\"https:\/\/secretsdutennis.fr\/?p=208\" rel=\"noopener noreferrer\">Lire la suite<span class=\"screen-reader-text\">\u00a0: Q: Je trouve que vous manquez de modestie!<\/span><\/a><\/div><\/li>\n<li><a class=\"wp-block-latest-posts__post-title\" href=\"https:\/\/secretsdutennis.fr\/?p=204\">Q: pourquoi toutes ces erreurs et incomp\u00e9tences pendant le 20eme siecle? Comment cela est-il possible?<\/a><div class=\"wp-block-latest-posts__post-excerpt\">En effet, c&rsquo;est une bonne question, cela peut para\u00eetre invraisemblable et pourtant c&rsquo;est la r\u00e9alit\u00e9. Les mots ne sont que des mots, les paroles s&rsquo;envolent, mais les \u00e9crits restent et t\u00e9moignent que depuis la cr\u00e9ation du tennis et pendant tout le 20\u00e8me si\u00e8cle&nbsp;\u00a0\u00bb tout a \u00e9t\u00e9 conseill\u00e9 et son contraire \u00ab\u00a0. Pour donner une explication\u2026 <a class=\"wp-block-latest-posts__read-more\" href=\"https:\/\/secretsdutennis.fr\/?p=204\" rel=\"noopener noreferrer\">Lire la suite<span class=\"screen-reader-text\">\u00a0: Q: pourquoi toutes ces erreurs et incomp\u00e9tences pendant le 20eme siecle? Comment cela est-il possible?<\/span><\/a><\/div><\/li>\n<li><a class=\"wp-block-latest-posts__post-title\" href=\"https:\/\/secretsdutennis.fr\/?p=202\">Q: Je trouve votre site pr\u00e9tentieux<\/a><div class=\"wp-block-latest-posts__post-excerpt\">Mon site est ambitieux, cela ne veut pas dire qu&rsquo;il est pr\u00e9tentieux. La question est de savoir si ce site peut vous apporter quelque chose sur le plan \u00a0\u00bb technique tennistique \u00a0\u00bb et si c&rsquo;est le cas, c&rsquo;est tant mieux. Si par contre ce site ne vous apporte rien, n&rsquo;y allez pas.<\/div><\/li>\n<li><a class=\"wp-block-latest-posts__post-title\" href=\"https:\/\/secretsdutennis.fr\/?p=200\">Q: Auriez-vous aim\u00e9 \u00eatre le coach d&rsquo;un grand joueur?<\/a><div class=\"wp-block-latest-posts__post-excerpt\">\u00ab\u00a0Non, car cela ne correspond pas \u00e0 mon temp\u00e9rament \u00a0\u00bb.\u00a0Mais j&rsquo;aurais aim\u00e9 avoir la possibilit\u00e9 de corriger des d\u00e9fauts techniques comme 1) le revers coup\u00e9 rotatif avec prise\u00a0eastern\u00a0de fond de court d&rsquo;Yvan LENDL et de Yannick NOAH, ainsi que 2) leur vol\u00e9e de revers rotative avec prise\u00a0eastern. Tous les t\u00e9moignages \u00e9crits dont je dispose prouvent\u2026 <a class=\"wp-block-latest-posts__read-more\" href=\"https:\/\/secretsdutennis.fr\/?p=200\" rel=\"noopener noreferrer\">Lire la suite<span class=\"screen-reader-text\">\u00a0: Q: Auriez-vous aim\u00e9 \u00eatre le coach d&rsquo;un grand joueur?<\/span><\/a><\/div><\/li>\n<li><a class=\"wp-block-latest-posts__post-title\" href=\"https:\/\/secretsdutennis.fr\/?p=193\">Q:Je trouve que vos recherches sont bas\u00e9es sur la critique!<\/a><div class=\"wp-block-latest-posts__post-excerpt\">Je ne critique pas, je n&rsquo;ai fait que rassembler des \u00a0\u00bb \u00e9crits \u00a0\u00bb et des \u00a0\u00bb documents \u00a0\u00bb que j&rsquo;ai trouv\u00e9 dans des revues sp\u00e9cialis\u00e9es qui ont \u00e9t\u00e9 \u00e9dit\u00e9s depuis la cr\u00e9ation du tennis et dans d&rsquo;autres revues sp\u00e9cialis\u00e9es qui ont pris le relais jusqu&rsquo;en 2002 puisque cela correspond \u00e0 l&rsquo;arr\u00eat de mes recherches tennistiques.\u2026 <a class=\"wp-block-latest-posts__read-more\" href=\"https:\/\/secretsdutennis.fr\/?p=193\" rel=\"noopener noreferrer\">Lire la suite<span class=\"screen-reader-text\">\u00a0: Q:Je trouve que vos recherches sont bas\u00e9es sur la critique!<\/span><\/a><\/div><\/li>\n<li><a class=\"wp-block-latest-posts__post-title\" href=\"https:\/\/secretsdutennis.fr\/?p=191\">Q:Avez-vous sorti un grand champion?<\/a><div class=\"wp-block-latest-posts__post-excerpt\">Personne n&rsquo;a jamais sorti personne :\u00a0En effet mon r\u00f4le d&rsquo;enseignant professionnel de tennis est de donner \u00e0 chacun de mes \u00e9l\u00e8ves la meilleure technique possible. Ensuite, si un de mes \u00e9l\u00e8ves monte en 4\u00e8me s\u00e9rie, en 3\u00e8me, en 2\u00e8me s\u00e9rie, en 1\u00e8re s\u00e9rie ou devient champion international, il ne le devra uniquement qu&rsquo;\u00e0 lui m\u00eame\u2026 <a class=\"wp-block-latest-posts__read-more\" href=\"https:\/\/secretsdutennis.fr\/?p=191\" rel=\"noopener noreferrer\">Lire la suite<span class=\"screen-reader-text\">\u00a0: Q:Avez-vous sorti un grand champion?<\/span><\/a><\/div><\/li>\n<li><a class=\"wp-block-latest-posts__post-title\" href=\"https:\/\/secretsdutennis.fr\/?p=189\">Q:Le revers \u00e0 une main va-t-il disparaitre?<\/a><div class=\"wp-block-latest-posts__post-excerpt\">J\u2019ai bien peur que oui. Le revers \u00e0 une main que l\u2019on ne voit plus beaucoup n\u2019est pratiquement plus enseign\u00e9 et je le regrette car le revers \u00e0 une main est pour moi beaucoup plus esth\u00e9tique et moins fatigant que le revers \u00e0 deux mains et surtout sur l\u2019ensemble d\u2019une carri\u00e8re. Pendant tout le 20\u00e8me\u00a0si\u00e8cle\u2026 <a class=\"wp-block-latest-posts__read-more\" href=\"https:\/\/secretsdutennis.fr\/?p=189\" rel=\"noopener noreferrer\">Lire la suite<span class=\"screen-reader-text\">\u00a0: Q:Le revers \u00e0 une main va-t-il disparaitre?<\/span><\/a><\/div><\/li>\n<li><a class=\"wp-block-latest-posts__post-title\" href=\"https:\/\/secretsdutennis.fr\/?p=169\">Q: Suite \u00e0 votre envoi de votre clef USB, j&rsquo;ai compris que pendant tout le 20eme si\u00e8cle les f\u00e9d\u00e9rations de tennis ne comprenaient pas la m\u00e9canique tennistique. Qu&rsquo;en est-il aujourd&rsquo;hui en 2015?<\/a><div class=\"wp-block-latest-posts__post-excerpt\">Il y a aujourd&rsquo;hui une meilleure compr\u00e9hension de la m\u00e9canique et de la technique tennistique, mais il n&rsquo;en demeure pas moins qu&rsquo;il y a aujourd&rsquo;hui des d\u00e9fauts techniques chez des joueurs fran\u00e7ais et aussi \u00e9trangers. Le coup droit le plus naturel actuellement est le coup droit de Serena William qui a une pr\u00e9paration convexe tout\u2026 <a class=\"wp-block-latest-posts__read-more\" href=\"https:\/\/secretsdutennis.fr\/?p=169\" rel=\"noopener noreferrer\">Lire la suite<span class=\"screen-reader-text\">\u00a0: Q: Suite \u00e0 votre envoi de votre clef USB, j&rsquo;ai compris que pendant tout le 20eme si\u00e8cle les f\u00e9d\u00e9rations de tennis ne comprenaient pas la m\u00e9canique tennistique. Qu&rsquo;en est-il aujourd&rsquo;hui en 2015?<\/span><\/a><\/div><\/li>\n<li><a class=\"wp-block-latest-posts__post-title\" href=\"https:\/\/secretsdutennis.fr\/?p=72\">Q: Avez-vous eu un contact avec la f\u00e9d\u00e9ration Fran\u00e7aise de tennis?<\/a><div class=\"wp-block-latest-posts__post-excerpt\">En 1980, me rendant compte de l&rsquo;importance de mes travaux sur mes recherches tennistiques commenc\u00e9es en 1972, je d\u00e9cidais de prendre contact avec la f\u00e9d\u00e9ration fran\u00e7aise de tennis, puisqu&rsquo;elle m&rsquo;avait permis de m&rsquo;exprimer par mes recherches tennistiques gr\u00e2ce \u00e0 un dipl\u00f4me que j&rsquo;avais obtenu en 1968. Devant un haut responsable de la direction technique de\u2026 <a class=\"wp-block-latest-posts__read-more\" href=\"https:\/\/secretsdutennis.fr\/?p=72\" rel=\"noopener noreferrer\">Lire la suite<span class=\"screen-reader-text\">\u00a0: Q: Avez-vous eu un contact avec la f\u00e9d\u00e9ration Fran\u00e7aise de tennis?<\/span><\/a><\/div><\/li>\n<\/ul><\/div>\n<\/div>\n","protected":false},"excerpt":{"rendered":"","protected":false},"author":2,"featured_media":0,"parent":0,"menu_order":0,"comment_status":"closed","ping_status":"closed","template":"","meta":{"ocean_post_layout":"","ocean_both_sidebars_style":"","ocean_both_sidebars_content_width":0,"ocean_both_sidebars_sidebars_width":0,"ocean_sidebar":"","ocean_second_sidebar":"","ocean_disable_margins":"enable","ocean_add_body_class":"","ocean_shortcode_before_top_bar":"","ocean_shortcode_after_top_bar":"","ocean_shortcode_before_header":"","ocean_shortcode_after_header":"","ocean_has_shortcode":"","ocean_shortcode_after_title":"","ocean_shortcode_before_footer_widgets":"","ocean_shortcode_after_footer_widgets":"","ocean_shortcode_before_footer_bottom":"","ocean_shortcode_after_footer_bottom":"","ocean_display_top_bar":"default","ocean_display_header":"default","ocean_header_style":"","ocean_center_header_left_menu":"","ocean_custom_header_template":"","ocean_custom_logo":0,"ocean_custom_retina_logo":0,"ocean_custom_logo_max_width":0,"ocean_custom_logo_tablet_max_width":0,"ocean_custom_logo_mobile_max_width":0,"ocean_custom_logo_max_height":0,"ocean_custom_logo_tablet_max_height":0,"ocean_custom_logo_mobile_max_height":0,"ocean_header_custom_menu":"","ocean_menu_typo_font_family":"","ocean_menu_typo_font_subset":"","ocean_menu_typo_font_size":0,"ocean_menu_typo_font_size_tablet":0,"ocean_menu_typo_font_size_mobile":0,"ocean_menu_typo_font_size_unit":"px","ocean_menu_typo_font_weight":"","ocean_menu_typo_font_weight_tablet":"","ocean_menu_typo_font_weight_mobile":"","ocean_menu_typo_transform":"","ocean_menu_typo_transform_tablet":"","ocean_menu_typo_transform_mobile":"","ocean_menu_typo_line_height":0,"ocean_menu_typo_line_height_tablet":0,"ocean_menu_typo_line_height_mobile":0,"ocean_menu_typo_line_height_unit":"","ocean_menu_typo_spacing":0,"ocean_menu_typo_spacing_tablet":0,"ocean_menu_typo_spacing_mobile":0,"ocean_menu_typo_spacing_unit":"","ocean_menu_link_color":"","ocean_menu_link_color_hover":"","ocean_menu_link_color_active":"","ocean_menu_link_background":"","ocean_menu_link_hover_background":"","ocean_menu_link_active_background":"","ocean_menu_social_links_bg":"","ocean_menu_social_hover_links_bg":"","ocean_menu_social_links_color":"","ocean_menu_social_hover_links_color":"","ocean_disable_title":"default","ocean_disable_heading":"default","ocean_post_title":"","ocean_post_subheading":"","ocean_post_title_style":"","ocean_post_title_background_color":"","ocean_post_title_background":0,"ocean_post_title_bg_image_position":"","ocean_post_title_bg_image_attachment":"","ocean_post_title_bg_image_repeat":"","ocean_post_title_bg_image_size":"","ocean_post_title_height":0,"ocean_post_title_bg_overlay":0.5,"ocean_post_title_bg_overlay_color":"","ocean_disable_breadcrumbs":"default","ocean_breadcrumbs_color":"","ocean_breadcrumbs_separator_color":"","ocean_breadcrumbs_links_color":"","ocean_breadcrumbs_links_hover_color":"","ocean_display_footer_widgets":"default","ocean_display_footer_bottom":"default","ocean_custom_footer_template":"","footnotes":""},"class_list":["post-160","page","type-page","status-publish","hentry","entry"],"_links":{"self":[{"href":"https:\/\/secretsdutennis.fr\/index.php?rest_route=\/wp\/v2\/pages\/160","targetHints":{"allow":["GET"]}}],"collection":[{"href":"https:\/\/secretsdutennis.fr\/index.php?rest_route=\/wp\/v2\/pages"}],"about":[{"href":"https:\/\/secretsdutennis.fr\/index.php?rest_route=\/wp\/v2\/types\/page"}],"author":[{"embeddable":true,"href":"https:\/\/secretsdutennis.fr\/index.php?rest_route=\/wp\/v2\/users\/2"}],"replies":[{"embeddable":true,"href":"https:\/\/secretsdutennis.fr\/index.php?rest_route=%2Fwp%2Fv2%2Fcomments&post=160"}],"version-history":[{"count":4,"href":"https:\/\/secretsdutennis.fr\/index.php?rest_route=\/wp\/v2\/pages\/160\/revisions"}],"predecessor-version":[{"id":168,"href":"https:\/\/secretsdutennis.fr\/index.php?rest_route=\/wp\/v2\/pages\/160\/revisions\/168"}],"wp:attachment":[{"href":"https:\/\/secretsdutennis.fr\/index.php?rest_route=%2Fwp%2Fv2%2Fmedia&parent=160"}],"curies":[{"name":"wp","href":"https:\/\/api.w.org\/{rel}","templated":true}]}}